{"id":16,"date":"2023-02-27T18:06:07","date_gmt":"2023-02-27T18:06:07","guid":{"rendered":"https:\/\/heregam.com\/?page_id=16"},"modified":"2023-02-27T18:20:42","modified_gmt":"2023-02-27T18:20:42","slug":"venta-de-inmuebles-en-sevilla","status":"publish","type":"page","link":"https:\/\/heregam.com\/index.php\/venta-de-inmuebles-en-sevilla\/","title":{"rendered":"Venta de inmuebles en Sevilla"},"content":{"rendered":"<p>Queremos ser claros, el modelo cl\u00e1sico de agencia inmobiliaria esta obsoleto. La clave de nuestra empresa es la confianza y la transparencia.\u00a0<span style=\"background-color: var(--wp--preset--color--background); color: var(--wp--preset--color--body-text); font-family: var(--wp--preset--font-family--oswold); font-size: revert; font-weight: var(--wp--custom--typography--font-weight--normal);\">La confianza viene de saber que nuestra comisi\u00f3n viene de un trabajo que puedas ver claramente. Pero no hablemos solo del precio y del ahorro (que lo hay sin dudas). Ofrecemos una galer\u00eda de servicios que le ayudar\u00e1 a vender su vivienda al mejor precio y de la forma m\u00e1s \u00e1gil posible. Es importante tener en cuenta que no somos solo vendedores sino inversores, constructores y vendedores por tanto entendemos las necesidades de todas las partes y aportaremos nuestra experiencia en todos los pasos desde la adecuaci\u00f3n de los espacios hasta el estudio de venta pormenorizado.<\/span><\/p>\n<style>\/*! elementor - v3.11.2 - 22-02-2023 *\/<br \/>\n.elementor-widget-image{text-align:center}.elementor-widget-image a{display:inline-block}.elementor-widget-image a img[src$=\".svg\"]{width:48px}.elementor-widget-image img{vertical-align:middle;display:inline-block}<\/style>\n","protected":false},"excerpt":{"rendered":"<p>Queremos ser claros, el modelo cl\u00e1sico de agencia inmobiliaria esta obsoleto. La clave de nuestra empresa es la confianza y la transparencia.\u00a0La confianza viene de saber que nuestra comisi\u00f3n viene [&hellip;]<\/p>\n","protected":false},"author":1,"featured_media":0,"parent":0,"menu_order":0,"comment_status":"closed","ping_status":"closed","template":"","meta":{"om_disable_all_campaigns":false,"_mi_skip_tracking":false},"aioseo_notices":[],"_links":{"self":[{"href":"https:\/\/heregam.com\/index.php\/wp-json\/wp\/v2\/pages\/16"}],"collection":[{"href":"https:\/\/heregam.com\/index.php\/wp-json\/wp\/v2\/pages"}],"about":[{"href":"https:\/\/heregam.com\/index.php\/wp-json\/wp\/v2\/types\/page"}],"author":[{"embeddable":true,"href":"https:\/\/heregam.com\/index.php\/wp-json\/wp\/v2\/users\/1"}],"replies":[{"embeddable":true,"href":"https:\/\/heregam.com\/index.php\/wp-json\/wp\/v2\/comments?post=16"}],"version-history":[{"count":12,"href":"https:\/\/heregam.com\/index.php\/wp-json\/wp\/v2\/pages\/16\/revisions"}],"predecessor-version":[{"id":32,"href":"https:\/\/heregam.com\/index.php\/wp-json\/wp\/v2\/pages\/16\/revisions\/32"}],"wp:attachment":[{"href":"https:\/\/heregam.com\/index.php\/wp-json\/wp\/v2\/media?parent=16"}],"curies":[{"name":"wp","href":"https:\/\/api.w.org\/{rel}","templated":true}]}}